000
CDUS46 KPQR 060257
CLIAST

CLIMATE REPORT
NATIONAL WEATHER SERVICE PORTLAND OREGON
757 PM PDT WED MAY 05 2021

...................................

...THE ASTORIA OR CLIMATE SUMMARY FOR MAY 5 2021...
VALID TODAY AS OF 0700 PM LOCAL TIME.

CLIMATE NORMAL PERIOD 1991 TO 2020
CLIMATE RECORD PERIOD 1892 TO 2021


WEATHER ITEM   OBSERVED TIME   RECORD YEAR NORMAL DEPARTURE LAST
                VALUE   (LST)  VALUE       VALUE  FROM      YEAR
                                                  NORMAL
...................................................................
TEMPERATURE (F)
 TODAY
  MAXIMUM         74    127 PM  85    2013  59     15       64
  MINIMUM         40    313 AM  33    1949  44     -4       49
  AVERAGE         57                        52      5       57

PRECIPITATION (IN)
  TODAY            0.00          2.02 1948   0.13  -0.13     0.21
  MONTH TO DATE    0.25                      0.67  -0.42     1.33
  SINCE OCT 1     57.22                     60.61  -3.39    53.09
  SINCE JAN 1     34.55                     32.14   2.41    33.38

DEGREE DAYS
 HEATING
  TODAY            8                        13     -5        8
  MONTH TO DATE   63                        69     -6       68
  SINCE MAR 1   1192                      1147     45     1227
  SINCE JUL 1   4393                      4435    -42     4435

 COOLING
  TODAY            0                         0      0        0
  MONTH TO DATE    0                         0      0        0
  SINCE MAR 1      0                         0      0        0
  SINCE JAN 1      0                         0      0        0
...................................................................


WIND (MPH)
  HIGHEST WIND SPEED    15   HIGHEST WIND DIRECTION     W (260)
  HIGHEST GUST SPEED    18   HIGHEST GUST DIRECTION     W (260)
  AVERAGE WIND SPEED     6.2


SKY COVER
  POSSIBLE SUNSHINE  MM
  AVERAGE SKY COVER 0.1


WEATHER CONDITIONS
THE FOLLOWING WEATHER WAS RECORDED TODAY.
  FOG


RELATIVE HUMIDITY (PERCENT)
 HIGHEST    93           600 AM
 LOWEST     44           100 PM
 AVERAGE    69

..........................................................


THE ASTORIA OR CLIMATE NORMALS FOR TOMORROW
                         NORMAL    RECORD    YEAR
 MAXIMUM TEMPERATURE (F)   59        80      1949
                                             1987
 MINIMUM TEMPERATURE (F)   45        31      1965


SUNRISE AND SUNSET
MAY  5 2021...........SUNRISE   556 AM PDT   SUNSET   830 PM PDT
MAY  6 2021...........SUNRISE   554 AM PDT   SUNSET   831 PM PDT


-  INDICATES NEGATIVE NUMBERS.
R  INDICATES RECORD WAS SET OR TIED.
MM INDICATES DATA IS MISSING.
T  INDICATES TRACE AMOUNT.





The U.S. Naval Observatory (USNO) data is currently unavailable. The links provided are from other US Government sources. When USNO data is returned to service, the links will be updated.