000
CDUS43 KMPX 090141
CLIMSP

CLIMATE REPORT
NATIONAL WEATHER SERVICE TWIN CITIES/CHANHASSEN MN
841 PM CDT TUE JUN 08 2021

...................................

...THE TWIN CITIES MN CLIMATE SUMMARY FOR JUNE 8 2021...
VALID TODAY AS OF 0700 PM LOCAL TIME.

CLIMATE NORMAL PERIOD 1991 TO 2020
CLIMATE RECORD PERIOD 1871 TO 2021


WEATHER ITEM   OBSERVED TIME   RECORD YEAR NORMAL DEPARTURE LAST
                VALUE   (LST)  VALUE       VALUE  FROM      YEAR
                                                  NORMAL
...................................................................
TEMPERATURE (F)
 TODAY
  MAXIMUM         96    442 PM 102    1985  77     19       96
  MINIMUM         77    437 AM  36    1885  58     19       74
  AVERAGE         87                        68     19       85

PRECIPITATION (IN)
  TODAY            0.00          2.12 1918   0.15  -0.15     0.00
  MONTH TO DATE    T                         1.13  -1.13     1.50
  SINCE JUN 1      T                         1.13  -1.13     1.50
  SINCE JAN 1      9.99                     11.39  -1.40    12.11

SNOWFALL (IN)
  TODAY            0.0           0.0    MM   0.0    0.0      0.0
  MONTH TO DATE    0.0                       0.0    0.0      0.0
  SINCE JUN 1      0.0                       0.0    0.0      0.0
  SINCE JUL 1     48.7                      51.2   -2.5     51.5
  SNOW DEPTH       0

DEGREE DAYS
 HEATING
  TODAY            0                         2     -2        0
  MONTH TO DATE    0                        19    -19        0
  SINCE JUN 1      0                        19    -19        0
  SINCE JUL 1   7117                      7384   -267     7239

 COOLING
  TODAY           22                         4     18       20
  MONTH TO DATE  131                        30    101       81
  SINCE JUN 1    131                        30    101       81
  SINCE JAN 1    198                        79    119      116
...................................................................


WIND (MPH)
  HIGHEST WIND SPEED    12   HIGHEST WIND DIRECTION     S (190)
  HIGHEST GUST SPEED    17   HIGHEST GUST DIRECTION     S (200)
  AVERAGE WIND SPEED     5.7


SKY COVER
  POSSIBLE SUNSHINE  MM
  AVERAGE SKY COVER 0.5


WEATHER CONDITIONS
THE FOLLOWING WEATHER WAS RECORDED TODAY.
  NO SIGNIFICANT WEATHER WAS OBSERVED.


RELATIVE HUMIDITY (PERCENT)
 HIGHEST    58           700 AM
 LOWEST     35           300 PM
 AVERAGE    47

..........................................................


THE TWIN CITIES MN CLIMATE NORMALS FOR TOMORROW
                         NORMAL    RECORD    YEAR
 MAXIMUM TEMPERATURE (F)   77        95      1911
                                             1973
                                             1976
 MINIMUM TEMPERATURE (F)   59        39      1877
                                             1915


SUNRISE AND SUNSET
JUNE  8 2021..........SUNRISE   527 AM CDT   SUNSET   857 PM CDT
JUNE  9 2021..........SUNRISE   527 AM CDT   SUNSET   858 PM CDT


-  INDICATES NEGATIVE NUMBERS.
R  INDICATES RECORD WAS SET OR TIED.
MM INDICATES DATA IS MISSING.
T  INDICATES TRACE AMOUNT.





The U.S. Naval Observatory (USNO) data is currently unavailable. The links provided are from other US Government sources. When USNO data is returned to service, the links will be updated.