000
CDUS43 KLOT 092134
CLIMDW

CLIMATE REPORT
NATIONAL WEATHER SERVICE CHICAGO IL
434 PM CDT WED JUN 09 2021

...................................

...THE CHICAGO-MIDWAY CLIMATE SUMMARY FOR JUNE 9 2021...
VALID TODAY AS OF 0400 PM LOCAL TIME.

CLIMATE NORMAL PERIOD: 1991 TO 2020
CLIMATE RECORD PERIOD: 1928 TO 2021


WEATHER ITEM   OBSERVED TIME   RECORD YEAR NORMAL DEPARTURE
                VALUE   (LST)  VALUE       VALUE  FROM
                                                  NORMAL
................................................................
TEMPERATURE (F)
 TODAY
  MAXIMUM         87   2:26 PM  96    1963  79      8
                                      1968
  MINIMUM         72   4:54 AM  42    1977  60     12
  AVERAGE         80                        70     10

PRECIPITATION (IN)
  TODAY            0.00          2.58 2011   0.14  -0.14
  MONTH TO DATE    0.03                      1.27  -1.24
  SINCE JUN 1      0.03                      1.27  -1.24
  SINCE JAN 1      6.56                     13.75  -7.19

DEGREE DAYS
 HEATING
  TODAY            0                         1     -1
  MONTH TO DATE    1                        15    -14
  SINCE JUN 1      1                        15    -14
  SINCE JUL 1   5503                      5743   -240

 COOLING
  TODAY           15                         6      9
  MONTH TO DATE   98                        47     51
  SINCE JUN 1     98                        47     51
  SINCE JAN 1    207                       129     78
................................................................


WIND (MPH)
  RESULTANT WIND SPEED   3   RESULTANT WIND DIRECTION  SE (130)
  HIGHEST WIND SPEED    14   HIGHEST WIND DIRECTION    NE (60)
  HIGHEST GUST SPEED    18   HIGHEST GUST DIRECTION     E (80)
  AVERAGE WIND SPEED     6.0


SKY COVER
  POSSIBLE SUNSHINE  MM
  AVERAGE SKY COVER 0.3


WEATHER CONDITIONS
THE FOLLOWING WEATHER WAS RECORDED TODAY.
  NO SIGNIFICANT WEATHER WAS OBSERVED.

..........................................................


THE CHICAGO-MIDWAY CLIMATE NORMALS FOR TOMORROW
                         NORMAL    RECORD    YEAR
 MAXIMUM TEMPERATURE (F)   80       101      1933
 MINIMUM TEMPERATURE (F)   61        41      1928


SUNRISE AND SUNSET
JUNE  9 2021..........SUNRISE   5:16 AM CDT   SUNSET   8:25 PM CDT
JUNE 10 2021..........SUNRISE   5:16 AM CDT   SUNSET   8:25 PM CDT


-  INDICATES NEGATIVE NUMBERS.
R  INDICATES RECORD WAS SET OR TIED.
MM INDICATES DATA IS MISSING.
T  INDICATES TRACE AMOUNT.





The U.S. Naval Observatory (USNO) data is currently unavailable. The links provided are from other US Government sources. When USNO data is returned to service, the links will be updated.