000
CDUS46 KHNX 100032
CLIBFL

CLIMATE REPORT
NATIONAL WEATHER SERVICE
532 PM PDT WED JUN 09 2021

...................................

...THE BAKERSFIELD CA CLIMATE SUMMARY FOR JUNE 9 2021...
VALID AS OF 0400 PM LOCAL TIME.

CLIMATE NORMAL PERIOD 1991 TO 2020
CLIMATE RECORD PERIOD 1889 TO 2021


WEATHER ITEM   OBSERVED TIME   RECORD YEAR NORMAL DEPARTURE LAST
                VALUE   (LST)  VALUE       VALUE  FROM      YEAR
                                                  NORMAL
...................................................................
TEMPERATURE (F)
 TODAY
  MAXIMUM         78    319 PM 110    2014  90    -12       MM
  MINIMUM         54    514 AM  45    1908  63     -9       MM
  AVERAGE         66                        77    -11       MM

PRECIPITATION (IN)
  TODAY            0.00          0.29 1957   0.00   0.00    MM
  MONTH TO DATE    0.00                      0.03  -0.03    MM
  SINCE OCT 1      2.77                      6.29  -3.52     0.00
  SINCE JAN 1      2.03                      4.40  -2.37    MM

SNOWFALL (IN)
  TODAY            0.0          MM      MM   0.0    0.0     MM
  MONTH TO DATE    0.0                       0.0    0.0     MM
  SINCE JUN 1      0.0                       0.0    0.0     MM
  SINCE JUL 1      0.0                       0.1   -0.1      0.0
  SNOW DEPTH       0

DEGREE DAYS
 HEATING
  TODAY            0                         0      0       MM
  MONTH TO DATE    0                         0      0       MM
  SINCE JUN 1      0                         0      0       MM
  SINCE JUL 1   1756                      1956   -200        1

 COOLING
  TODAY            1                        12    -11       MM
  MONTH TO DATE  154                       100     54       MM
  SINCE JUN 1    154                       100     54       MM
  SINCE JAN 1    550                       390    160       MM
...................................................................


WIND (MPH)
  RESULTANT WIND SPEED   6   RESULTANT WIND DIRECTION  NW (330)
  HIGHEST WIND SPEED    17   HIGHEST WIND DIRECTION    NW (330)
  HIGHEST GUST SPEED    21   HIGHEST GUST DIRECTION    NW (320)
  AVERAGE WIND SPEED     6.9


SKY COVER
  POSSIBLE SUNSHINE  MM
  AVERAGE SKY COVER 0.0


WEATHER CONDITIONS
THE FOLLOWING WEATHER WAS RECORDED TODAY.
  NO SIGNIFICANT WEATHER WAS OBSERVED.


RELATIVE HUMIDITY (PERCENT)
 HIGHEST    49           300 AM
 LOWEST     23           300 PM
 AVERAGE    36

..........................................................


THE BAKERSFIELD CA CLIMATE NORMALS FOR TOMORROW
                         NORMAL    RECORD    YEAR
 MAXIMUM TEMPERATURE (F)   91       107      1940
                                             1975
 MINIMUM TEMPERATURE (F)   64        45      1954


SUNRISE AND SUNSET
JUNE  9 2021..........SUNRISE   541 AM PDT   SUNSET   811 PM PDT
JUNE 10 2021..........SUNRISE   541 AM PDT   SUNSET   811 PM PDT


-  INDICATES NEGATIVE NUMBERS.
R  INDICATES RECORD WAS SET OR TIED.
MM INDICATES DATA IS MISSING.
T  INDICATES TRACE AMOUNT.





The U.S. Naval Observatory (USNO) data is currently unavailable. The links provided are from other US Government sources. When USNO data is returned to service, the links will be updated.