000
CDUS41 KBOX 082136
CLIBOS

CLIMATE REPORT
NATIONAL WEATHER SERVICE BOSTON/NORTON MA
536 PM EDT TUE JUN 08 2021

...................................

...THE BOSTON MA CLIMATE SUMMARY FOR JUNE 8 2021...
VALID TODAY AS OF 0500 PM LOCAL TIME.

CLIMATE NORMAL PERIOD 1991 TO 2020
CLIMATE RECORD PERIOD 1872 TO 2021


WEATHER ITEM   OBSERVED TIME   RECORD YEAR NORMAL DEPARTURE LAST
                VALUE   (LST)  VALUE       VALUE  FROM      YEAR
                                                  NORMAL
...................................................................
TEMPERATURE (F)
 TODAY
  MAXIMUM         95    144 PM  97    1984  74     21       79
  MINIMUM         75    439 AM  42    1932  57     18       55
  AVERAGE         85                        66     19       67

PRECIPITATION (IN)
  TODAY            0.00          1.11 1947   0.13  -0.13     0.00
  MONTH TO DATE    0.11                      1.08  -0.97     0.33
  SINCE JUN 1      0.11                      1.08  -0.97     0.33
  SINCE JAN 1     16.43                     18.73  -2.30    15.16

SNOWFALL (IN)
  TODAY            0.0           0.0  2000   0.0    0.0      0.0
                                      2001
                                      2002
  MONTH TO DATE    0.0                       0.0    0.0      0.0
  SINCE JUN 1      0.0                       0.0    0.0      0.0
  SINCE JUL 1     38.6                      49.2  -10.6     15.8

DEGREE DAYS
 HEATING
  TODAY            0                         3     -3        0
  MONTH TO DATE    0                        27    -27       21
  SINCE JUN 1      0                        27    -27       21
  SINCE JUL 1   5068                      5523   -455     5006

 COOLING
  TODAY           20                         3     17        2
  MONTH TO DATE   86                        20     66       33
  SINCE JUN 1     86                        20     66       33
  SINCE JAN 1    150                        53     97       67
...................................................................


WIND (MPH)
  HIGHEST WIND SPEED    17   HIGHEST WIND DIRECTION    SW (220)
  HIGHEST GUST SPEED    21   HIGHEST GUST DIRECTION     W (260)
  AVERAGE WIND SPEED    11.1


SKY COVER
  POSSIBLE SUNSHINE  MM
  AVERAGE SKY COVER 0.6


WEATHER CONDITIONS
THE FOLLOWING WEATHER WAS RECORDED TODAY.
  NO SIGNIFICANT WEATHER WAS OBSERVED.


RELATIVE HUMIDITY (PERCENT)
 HIGHEST    76           300 AM
 LOWEST     41           100 PM
 AVERAGE    59

..........................................................


THE BOSTON MA CLIMATE NORMALS FOR TOMORROW
                         NORMAL    RECORD    YEAR
 MAXIMUM TEMPERATURE (F)   74        96      1984
 MINIMUM TEMPERATURE (F)   58        47      1947
                                             1948
                                             1980


SUNRISE AND SUNSET
JUNE  8 2021..........SUNRISE   507 AM EDT   SUNSET   819 PM EDT
JUNE  9 2021..........SUNRISE   507 AM EDT   SUNSET   820 PM EDT


-  INDICATES NEGATIVE NUMBERS.
R  INDICATES RECORD WAS SET OR TIED.
MM INDICATES DATA IS MISSING.
T  INDICATES TRACE AMOUNT.





The U.S. Naval Observatory (USNO) data is currently unavailable. The links provided are from other US Government sources. When USNO data is returned to service, the links will be updated.