000
CDUS41 KBOX 072125
CLIBOS

CLIMATE REPORT
NATIONAL WEATHER SERVICE BOSTON/NORTON MA
525 PM EDT MON JUN 07 2021

...................................

...THE BOSTON MA CLIMATE SUMMARY FOR JUNE 7 2021...
VALID AS OF 0500 PM LOCAL TIME.

CLIMATE NORMAL PERIOD 1991 TO 2020
CLIMATE RECORD PERIOD 1872 TO 2021


WEATHER ITEM   OBSERVED TIME   RECORD YEAR NORMAL DEPARTURE LAST
                VALUE   (LST)  VALUE       VALUE  FROM      YEAR
                                                  NORMAL
...................................................................
TEMPERATURE (F)
 TODAY
  MAXIMUM         96    144 PM  97    1999  73     23       65
  MINIMUM         73    447 AM  45    1881  57     16       57
                                      1932
                                      1982
  AVERAGE         85                        65     20       61

PRECIPITATION (IN)
  TODAY            0.00          3.07 2013   0.14  -0.14      T
  MONTH TO DATE    0.11                      0.95  -0.84     0.33
  SINCE JUN 1      0.11                      0.95  -0.84     0.33
  SINCE JAN 1     16.43                     18.60  -2.17    15.16

SNOWFALL (IN)
  TODAY            0.0           0.0  2000   0.0    0.0      0.0
                                      2001
  MONTH TO DATE    0.0                       0.0    0.0      0.0
  SINCE JUN 1      0.0                       0.0    0.0      0.0
  SINCE JUL 1     38.6                      49.2  -10.6     15.8
  SNOW DEPTH      MM

DEGREE DAYS
 HEATING
  TODAY            0                         3     -3        4
  MONTH TO DATE    0                        24    -24       21
  SINCE JUN 1      0                        24    -24       21
  SINCE JUL 1   5068                      5520   -452     5006

 COOLING
  TODAY           20                         3     17        0
  MONTH TO DATE   66                        17     49       31
  SINCE JUN 1     66                        17     49       31
  SINCE JAN 1    130                        50     80       65
...................................................................


WIND (MPH)
  HIGHEST WIND SPEED    23   HIGHEST WIND DIRECTION     W (250)
  HIGHEST GUST SPEED    30   HIGHEST GUST DIRECTION     W (260)
  AVERAGE WIND SPEED    11.5


SKY COVER
  POSSIBLE SUNSHINE  MM
  AVERAGE SKY COVER 0.3


WEATHER CONDITIONS
THE FOLLOWING WEATHER WAS RECORDED TODAY.
  NO SIGNIFICANT WEATHER WAS OBSERVED.


RELATIVE HUMIDITY (PERCENT)
 HIGHEST    66           500 AM
 LOWEST     34          1200 PM
 AVERAGE    50

..........................................................


THE BOSTON MA CLIMATE NORMALS FOR TOMORROW
                         NORMAL    RECORD    YEAR
 MAXIMUM TEMPERATURE (F)   74        97      1984
 MINIMUM TEMPERATURE (F)   57        42      1932


SUNRISE AND SUNSET
JUNE  7 2021..........SUNRISE   508 AM EDT   SUNSET   819 PM EDT
JUNE  8 2021..........SUNRISE   507 AM EDT   SUNSET   819 PM EDT


-  INDICATES NEGATIVE NUMBERS.
R  INDICATES RECORD WAS SET OR TIED.
MM INDICATES DATA IS MISSING.
T  INDICATES TRACE AMOUNT.





The U.S. Naval Observatory (USNO) data is currently unavailable. The links provided are from other US Government sources. When USNO data is returned to service, the links will be updated.