000
CDUS46 KPQR 060257
CLISLE

CLIMATE REPORT
NATIONAL WEATHER SERVICE PORTLAND OREGON
757 PM PDT WED MAY 05 2021

...................................

...THE SALEM OR CLIMATE SUMMARY FOR MAY 5 2021...
VALID TODAY AS OF 0700 PM LOCAL TIME.

CLIMATE NORMAL PERIOD 1991 TO 2020
CLIMATE RECORD PERIOD 1892 TO 2021


WEATHER ITEM   OBSERVED TIME   RECORD YEAR NORMAL DEPARTURE LAST
                VALUE   (LST)  VALUE       VALUE  FROM      YEAR
                                                  NORMAL
...................................................................
TEMPERATURE (F)
 TODAY
  MAXIMUM         80    437 PM  87    1953  67     13       71
                                      1992
                                      2013
  MINIMUM         47    247 AM  32    1985  44      3       46
  AVERAGE         64                        56      8       59

PRECIPITATION (IN)
  TODAY            0.00          1.47 1963   0.07  -0.07     0.01
  MONTH TO DATE    0.25                      0.37  -0.12     0.66
  SINCE OCT 1     31.41                     34.85  -3.44    22.83
  SINCE JAN 1     17.37                     18.46  -1.09    14.66

DEGREE DAYS
 HEATING
  TODAY            1                        10     -9        6
  MONTH TO DATE   29                        51    -22       63
  SINCE MAR 1    997                      1004     -7     1066
  SINCE JUL 1   4022                      4044    -22     4260

 COOLING
  TODAY            0                         0      0        0
  MONTH TO DATE    0                         0      0        0
  SINCE MAR 1      0                         1     -1        0
  SINCE JAN 1      0                         1     -1        0
...................................................................


WIND (MPH)
  HIGHEST WIND SPEED    10   HIGHEST WIND DIRECTION    NE (30)
  HIGHEST GUST SPEED    13   HIGHEST GUST DIRECTION    NE (40)
  AVERAGE WIND SPEED     3.5


SKY COVER
  POSSIBLE SUNSHINE  MM
  AVERAGE SKY COVER 0.0


WEATHER CONDITIONS
THE FOLLOWING WEATHER WAS RECORDED TODAY.
  NO SIGNIFICANT WEATHER WAS OBSERVED.


RELATIVE HUMIDITY (PERCENT)
 HIGHEST    77           400 AM
 LOWEST     32           400 PM
 AVERAGE    55

..........................................................


THE SALEM OR CLIMATE NORMALS FOR TOMORROW
                         NORMAL    RECORD    YEAR
 MAXIMUM TEMPERATURE (F)   67        90      1987
 MINIMUM TEMPERATURE (F)   44        30      1984


SUNRISE AND SUNSET
MAY  5 2021...........SUNRISE   555 AM PDT   SUNSET   823 PM PDT
MAY  6 2021...........SUNRISE   554 AM PDT   SUNSET   824 PM PDT


-  INDICATES NEGATIVE NUMBERS.
R  INDICATES RECORD WAS SET OR TIED.
MM INDICATES DATA IS MISSING.
T  INDICATES TRACE AMOUNT.





The U.S. Naval Observatory (USNO) data is currently unavailable. The links provided are from other US Government sources. When USNO data is returned to service, the links will be updated.