591
CDUS44 KOUN 170632
CLIOKC

CLIMATE REPORT
NATIONAL WEATHER SERVICE NORMAN OK
132 AM CDT THU JUN 17 2021

...................................

...THE OKLAHOMA CITY CLIMATE SUMMARY FOR JUNE 16 2021...

CLIMATE NORMAL PERIOD 1991 TO 2020
CLIMATE RECORD PERIOD 1890 TO 2021


WEATHER ITEM   OBSERVED TIME   RECORD YEAR NORMAL DEPARTURE LAST
                VALUE   (LST)  VALUE       VALUE  FROM      YEAR
                                                  NORMAL
...................................................................
TEMPERATURE (F)
 YESTERDAY
  MAXIMUM         94    407 PM 106    1911  88      6       93
  MINIMUM         64    459 AM  50    1917  67     -3       68
  AVERAGE         79                        77      2       81

PRECIPITATION (IN)
  YESTERDAY        0.00          3.59 1955   0.14  -0.14     0.00
  MONTH TO DATE    0.28                      2.58  -2.30      T
  SINCE JUN 1      0.28                      2.58  -2.30      T
  SINCE JAN 1     12.92                     16.78  -3.86    14.94

DEGREE DAYS
 HEATING
  YESTERDAY        0                         0      0        0
  MONTH TO DATE    2                         0      2        0
  SINCE JUN 1      2                         0      2        0
  SINCE JUL 1   3762                      3613    149     3499

 COOLING
  YESTERDAY       14                        12      2       16
  MONTH TO DATE  171                       167      4      195
  SINCE JUN 1    171                       167      4      195
  SINCE JAN 1    278                       363    -85      387
...................................................................


WIND (MPH)
  HIGHEST WIND SPEED    12   HIGHEST WIND DIRECTION     S (180)
  HIGHEST GUST SPEED    19   HIGHEST GUST DIRECTION     S (170)
  AVERAGE WIND SPEED     6.1


SKY COVER
  AVERAGE SKY COVER 0.2


WEATHER CONDITIONS
THE FOLLOWING WEATHER WAS RECORDED YESTERDAY.
  NO SIGNIFICANT WEATHER WAS OBSERVED.


RELATIVE HUMIDITY (PERCENT)
 HIGHEST    93           500 AM
 LOWEST     37           400 PM
 AVERAGE    65

..........................................................


THE OKLAHOMA CITY CLIMATE NORMALS FOR TODAY
                         NORMAL    RECORD    YEAR
 MAXIMUM TEMPERATURE (F)   88       103      2011
 MINIMUM TEMPERATURE (F)   67        53      1912


SUNRISE AND SUNSET
JUNE 17 2021..........SUNRISE   615 AM CDT   SUNSET   848 PM CDT
JUNE 18 2021..........SUNRISE   615 AM CDT   SUNSET   848 PM CDT


-  INDICATES NEGATIVE NUMBERS.
R  INDICATES RECORD WAS SET OR TIED.
MM INDICATES DATA IS MISSING.
T  INDICATES TRACE AMOUNT.





The U.S. Naval Observatory (USNO) data is currently unavailable. The links provided are from other US Government sources. When USNO data is returned to service, the links will be updated.