000
CDUS46 KPQR 060257
CLIPDX

CLIMATE REPORT
NATIONAL WEATHER SERVICE PORTLAND OREGON
757 PM PDT WED MAY 05 2021

...................................

...THE PORTLAND OR CLIMATE SUMMARY FOR MAY 5 2021...
VALID TODAY AS OF 0700 PM LOCAL TIME.

CLIMATE NORMAL PERIOD 1991 TO 2020
CLIMATE RECORD PERIOD 1940 TO 2021


WEATHER ITEM   OBSERVED TIME   RECORD YEAR NORMAL DEPARTURE LAST
                VALUE   (LST)  VALUE       VALUE  FROM      YEAR
                                                  NORMAL
...................................................................
TEMPERATURE (F)
 TODAY
  MAXIMUM         82    341 PM  87    1992  67     15       76
  MINIMUM         46    435 AM  35    1978  47     -1       50
  AVERAGE         64                        57      7       63

PRECIPITATION (IN)
  TODAY            0.00          1.07 1948   0.09  -0.09      T
  MONTH TO DATE    0.06                      0.39  -0.33     0.53
  SINCE OCT 1     24.64                     30.60  -5.96    20.30
  SINCE JAN 1     12.76                     15.96  -3.20    12.88

SNOWFALL (IN)
  TODAY            0.0
  MONTH TO DATE    0.0
  SINCE MAR 1      T
  SINCE JUL 1     10.1

DEGREE DAYS
 HEATING
  TODAY            1                         8     -7        2
  MONTH TO DATE   30                        43    -13       48
  SINCE MAR 1    864                       929    -65      921
  SINCE JUL 1   3646                      3870   -224     3820

 COOLING
  TODAY            0                         0      0        0
  MONTH TO DATE    0                         0      0        0
  SINCE MAR 1      0                         2     -2        0
  SINCE JAN 1      0                         2     -2        0
...................................................................


WIND (MPH)
  HIGHEST WIND SPEED    18   HIGHEST WIND DIRECTION     E (100)
  HIGHEST GUST SPEED    24   HIGHEST GUST DIRECTION     E (100)
  AVERAGE WIND SPEED     5.9


WEATHER CONDITIONS
THE FOLLOWING WEATHER WAS RECORDED TODAY.
  NO SIGNIFICANT WEATHER WAS OBSERVED.


RELATIVE HUMIDITY (PERCENT)
 HIGHEST    86           500 AM
 LOWEST     22           400 PM
 AVERAGE    54

..........................................................


THE PORTLAND OR CLIMATE NORMALS FOR TOMORROW
                         NORMAL    RECORD    YEAR
 MAXIMUM TEMPERATURE (F)   67        91      1987
 MINIMUM TEMPERATURE (F)   47        36      1965


SUNRISE AND SUNSET
MAY  5 2021...........SUNRISE   552 AM PDT   SUNSET   823 PM PDT
MAY  6 2021...........SUNRISE   550 AM PDT   SUNSET   824 PM PDT


-  INDICATES NEGATIVE NUMBERS.
R  INDICATES RECORD WAS SET OR TIED.
MM INDICATES DATA IS MISSING.
T  INDICATES TRACE AMOUNT.





The U.S. Naval Observatory (USNO) data is currently unavailable. The links provided are from other US Government sources. When USNO data is returned to service, the links will be updated.