348
CDUS46 KPQR 141141
CLIPDX

CLIMATE REPORT
NATIONAL WEATHER SERVICE PORTLAND OREGON
441 AM PDT WED APR 14 2021

...................................

...THE PORTLAND OR CLIMATE SUMMARY FOR APRIL 13 2021...

CLIMATE NORMAL PERIOD 1981 TO 2010
CLIMATE RECORD PERIOD 1940 TO 2021


WEATHER ITEM   OBSERVED TIME   RECORD YEAR NORMAL DEPARTURE LAST
                VALUE   (LST)  VALUE       VALUE  FROM      YEAR
                                                  NORMAL
...................................................................
TEMPERATURE (F)
 YESTERDAY
  MAXIMUM         67    413 PM  82    1943  61      6       68
                                      1947
  MINIMUM         38    343 AM  30    1968  43     -5       36
  AVERAGE         53                        52      1       52

PRECIPITATION (IN)
  YESTERDAY        0.00          0.75 1982   0.10  -0.10     0.00
  MONTH TO DATE    0.09                      1.27  -1.18     0.18
  SINCE OCT 1     24.28                     27.61  -3.33    19.16
  SINCE JAN 1     12.40                     13.49  -1.09    11.74

SNOWFALL (IN)
  YESTERDAY        0.0           0.0  2016
  MONTH TO DATE    0.0
  SINCE MAR 1      T
  SINCE JUL 1     10.1

DEGREE DAYS
 HEATING
  YESTERDAY       12                        13     -1       13
  MONTH TO DATE  186                       182      4      174
  SINCE MAR 1    730                       704     26      742
  SINCE JUL 1   3512                      3762   -250     3641

 COOLING
  YESTERDAY        0                         0      0        0
  MONTH TO DATE    0                         0      0        0
  SINCE MAR 1      0                         0      0        0
  SINCE JAN 1      0                         0      0        0
...................................................................


WIND (MPH)
  HIGHEST WIND SPEED    25   HIGHEST WIND DIRECTION    SE (120)
  HIGHEST GUST SPEED    30   HIGHEST GUST DIRECTION     E (110)
  AVERAGE WIND SPEED    10.5


SKY COVER
  POSSIBLE SUNSHINE  MM
  AVERAGE SKY COVER 0.1


WEATHER CONDITIONS
THE FOLLOWING WEATHER WAS RECORDED YESTERDAY.
  NO SIGNIFICANT WEATHER WAS OBSERVED.


RELATIVE HUMIDITY (PERCENT)
 HIGHEST    67           400 AM
 LOWEST     16           400 PM
 AVERAGE    42

..........................................................


THE PORTLAND OR CLIMATE NORMALS FOR TODAY
                         NORMAL    RECORD    YEAR
 MAXIMUM TEMPERATURE (F)   61        84      1947
 MINIMUM TEMPERATURE (F)   43        32      1977


SUNRISE AND SUNSET
APRIL 14 2021.........SUNRISE   626 AM PDT   SUNSET   756 PM PDT
APRIL 15 2021.........SUNRISE   624 AM PDT   SUNSET   757 PM PDT


-  INDICATES NEGATIVE NUMBERS.
R  INDICATES RECORD WAS SET OR TIED.
MM INDICATES DATA IS MISSING.
T  INDICATES TRACE AMOUNT.





The U.S. Naval Observatory (USNO) data is currently unavailable. The links provided are from other US Government sources. When USNO data is returned to service, the links will be updated.