000
CXUS55 KTBW 040211
CF6TPA
PRELIMINARY LOCAL CLIMATOLOGICAL DATA (WS FORM: F-6)

                                          STATION:   Tampa
                                          MONTH:     JULY
                                          YEAR:      2015
                                          LATITUDE:   27 58 N
                                          LONGITUDE:  82 32 W

  TEMPERATURE IN F:       :PCPN:    SNOW:  WIND      :SUNSHINE: SKY     :PK WND
================================================================================
1   2   3   4   5  6A  6B    7    8   9   10  11  12  13   14  15   16   17  18
                                     12Z  AVG MX 2MIN
DY MAX MIN AVG DEP HDD CDD  WTR  SNW DPTH SPD SPD DIR MIN PSBL S-S WX    SPD DR
================================================================================

 1  92  80  86   3   0  21 0.00  0.0    0  4.8 13 280   M    M   6        19 280
 2  92  79  86   3   0  21    T  0.0    0  4.5 18 250   M    M   6 3      23 280
 3  91  78  85   2   0  20 0.00  0.0    0  5.0 16 280   M    M   4 3      23  70
 4  91  72  82  -1   0  17 1.42  0.0    0  4.8 20  60   M    M   6 138    31  50
 5  92  76  84   1   0  19 0.01  0.0    0  6.0 18 230   M    M   5 38     23 220
 6  89  76  83   0   0  18 0.01  0.0    0  3.6 13 250   M    M   6 3      17 240
 7  90  77  84   1   0  19    T  0.0    0  3.3 17 330   M    M   6 3      21 330
 8  91  75  83   0   0  18 0.00  0.0    0  4.0 14 320   M    M   3 3      19 360
 9  92  78  85   2   0  20 0.06  0.0    0  4.6 15 160   M    M   4 38     23 170
10  95  78  87   4   0  22 0.00  0.0    0  4.6 14 320   M    M   3 3      21 290
11  97  79  88   5   0  23 0.07  0.0    0  3.8 18 340   M    M   6 3      24 340
12  88  79  84   1   0  19 0.00  0.0    0  4.4 18 300   M    M   7        27 320
13  90  77  84   1   0  19 0.00  0.0    0  5.0 13 270   M    M   7        19 250
14  89  78  84   1   0  19 0.06  0.0    0  7.4 24 220   M    M   7 138    33 230
15  89  78  84   1   0  19 0.16  0.0    0  7.6 31 240   M    M   8 13     40 240
16  84  75  80  -3   0  15 0.26  0.0    0  8.8 18 290   M    M   7 18     28 300
17  85  77  81  -2   0  16 0.22  0.0    0  8.6 22 220   M    M   9 138    28 220
18  88  79  84   1   0  19 0.09  0.0    0  7.9 20 200   M    M   8 18     26 200
19  88  78  83   0   0  18    T  0.0    0  6.5 22 290   M    M   5 3      28 280
20  89  79  84   1   0  19 0.39  0.0    0  6.7 24 230   M    M   6 38     29 240
21  89  81  85   2   0  20 0.01  0.0    0  8.4 15 250   M    M   4 3      22 270
22  91  80  86   3   0  21 0.04  0.0    0  7.1 18 300   M    M   5 18     27 300
23  91  80  86   3   0  21 0.40  0.0    0  8.5 20 230   M    M   6 8      27 260
24  84  74  79  -4   0  14 2.56  0.0    0  7.5 24 270   M    M   8 138    35 270
25  85  75  80  -3   0  15 1.47  0.0    0  6.8 17 310   M    M   9 138    22 320
26  88  76  82  -1   0  17 0.13  0.0    0  4.7 15 180   M    M   6 18     22 270
27  84  77  81  -2   0  16 1.70  0.0    0  8.7 18 180   M    M   7 18     24 180
28  86  77  82  -1   0  17 0.74  0.0    0 10.4 21 260   M    M   8 18     27 250
29  88  74  81  -2   0  16 1.77  0.0    0  4.6 31 330   M    M   8 13     40 330
30  90  76  83   0   0  18 0.02  0.0    0  5.3 22 280   M    M   7 13     28 280
31  87  76  82  -1   0  17 0.25  0.0    0  9.3 28 200   M    M   8 18     36 220
================================================================================
SM 2765 2394         0 573 11.84     0.0 193.2          M      195
================================================================================
AV 89.2 77.2                               6.2 FASTST   M    M   6    MAX(MPH)
                                 MISC ---->  # 31 240               # 40  240
================================================================================
NOTES:
# LAST OF SEVERAL OCCURRENCES

COLUMN 17 PEAK WIND IN M.P.H.

PRELIMINARY LOCAL CLIMATOLOGICAL DATA (WS FORM: F-6) , PAGE 2

                                          STATION:  Tampa
                                          MONTH:    JULY
                                          YEAR:     2015
                                          LATITUDE:   27 58 N
                                          LONGITUDE:  82 32 W

[TEMPERATURE DATA]      [PRECIPITATION DATA]       SYMBOLS USED IN COLUMN 16

AVERAGE MONTHLY: 83.2   TOTAL FOR MONTH:  11.84    1 = FOG OR MIST
DPTR FM NORMAL:   0.2   DPTR FM NORMAL:    4.77    2 = FOG REDUCING VISIBILITY
HIGHEST:    97 ON 11    GRTST 24HR  3.22 ON 24-25      TO 1/4 MILE OR LESS
LOWEST:     72 ON  4                               3 = THUNDER
                        SNOW, ICE PELLETS, HAIL    4 = ICE PELLETS
                        TOTAL MONTH:   0.0 INCH    5 = HAIL
                        GRTST 24HR     0.0         6 = FREEZING RAIN OR DRIZZLE
                        GRTST DEPTH:   0           7 = DUSTSTORM OR SANDSTORM:
                                                       VSBY 1/2 MILE OR LESS
                                                   8 = SMOKE OR HAZE
[NO. OF DAYS WITH]      [WEATHER - DAYS WITH]      9 = BLOWING SNOW
                                                   X = TORNADO
MAX 32 OR BELOW:   0    0.01 INCH OR MORE:  22
MAX 90 OR ABOVE:  14    0.10 INCH OR MORE:  13
MIN 32 OR BELOW:   0    0.50 INCH OR MORE:   6
MIN  0 OR BELOW:   0    1.00 INCH OR MORE:   5

[HDD (BASE 65) ]
TOTAL THIS MO.     0    CLEAR  (SCALE 0-3)   0
DPTR FM NORMAL     0    PTCLDY (SCALE 4-7)  29
TOTAL FM JUL 1     0    CLOUDY (SCALE 8-10)  2
DPTR FM NORMAL     0

[CDD (BASE 65) ]
TOTAL THIS MO.   573
DPTR FM NORMAL    15    [PRESSURE DATA]
TOTAL FM JAN 1  2337    HIGHEST SLP 30.20 ON  7
DPTR FM NORMAL   386    LOWEST  SLP 29.85 ON 26

[REMARKS]
#FINAL-07-15#