858
CDUS44 KHGX 220722
CLICLL


CLIMATE REPORT
NATIONAL WEATHER SERVICE HOUSTON/GALVESTON TX
221 AM CDT TUE MAY 22 2018


...................................

...THE COLLEGE STATION CLIMATE SUMMARY FOR MAY 21 2018...

CLIMATE NORMAL PERIOD 1981 TO 2010
CLIMATE RECORD PERIOD 1902 TO 2018


WEATHER ITEM   OBSERVED TIME   RECORD YEAR NORMAL DEPARTURE LAST
                VALUE   (LST)  VALUE       VALUE  FROM      YEAR
                                                  NORMAL
..................................................................
TEMPERATURE (F)
 YESTERDAY
  MAXIMUM         87    209 PM  96    2005  87      0       80
                                      1996
  MINIMUM         67    603 AM  50    2002  68     -1       66
  AVERAGE         77                        78     -1       73

PRECIPITATION (IN)
  YESTERDAY        0.76          3.07 1979   0.14   0.62     0.10
  MONTH TO DATE    2.08                      2.87  -0.79     2.23
  SINCE MAR 1      9.72                      8.70   1.02     6.91
  SINCE JAN 1     12.64                     14.79  -2.15    13.91

SNOWFALL (IN)
  YESTERDAY        0.0
  MONTH TO DATE    0.0
  SINCE JUL 1      5.0

DEGREE DAYS
 HEATING
  YESTERDAY        0                         0      0        0
  MONTH TO DATE    0                         0      0        0
  SINCE MAR 1    154                       219    -65       78
  SINCE JUL 1   1521                      1606    -85      847

 COOLING
  YESTERDAY       12                        13     -1        8
  MONTH TO DATE  269                       213     56      192
  SINCE MAR 1    455                       424     31      513
  SINCE JAN 1    501                       452     49      644
..................................................................


WIND (MPH)
  HIGHEST WIND SPEED    22   HIGHEST WIND DIRECTION     S (160)
  HIGHEST GUST SPEED    31   HIGHEST GUST DIRECTION     S (160)
  AVERAGE WIND SPEED     6.2


SKY COVER
  AVERAGE SKY COVER 0.4


WEATHER CONDITIONS
 THE FOLLOWING WEATHER WAS RECORDED YESTERDAY.
  THUNDERSTORM
  HEAVY RAIN
  LIGHT RAIN
  FOG
  HAZE


RELATIVE HUMIDITY (PERCENT)
 HIGHEST   100           300 AM
 LOWEST     65           200 PM
 AVERAGE    83

..........................................................


THE COLLEGE STATION CLIMATE NORMALS FOR TODAY
                         NORMAL    RECORD    YEAR
 MAXIMUM TEMPERATURE (F)   87        97      1996
 MINIMUM TEMPERATURE (F)   68        46      1892


SUNRISE AND SUNSET
MAY 22 2018...........SUNRISE   627 AM CDT   SUNSET   818 PM CDT
MAY 23 2018...........SUNRISE   627 AM CDT   SUNSET   818 PM CDT


-  INDICATES NEGATIVE NUMBERS.
R  INDICATES RECORD WAS SET OR TIED.
MM INDICATES DATA IS MISSING.
T  INDICATES TRACE AMOUNT.





The U.S. Naval Observatory (USNO) computes astronomical data. Therefore, the NWS does not record, certify, or authenticate astronomical data. Computed times of sunrise, sunset, moonrise, moonset; and twilight, moon phases and other astronomical data are available from USNO's Astronomical Applications Department (http://www.usno.navy.mil). See http://www.usno.navy.mil/USNO/astronomical-applications/astronomical-information-center/litigation for information on using these data for legal purposes.