000
CDUS44 KHGX 210826
CLICLL


CLIMATE REPORT
NATIONAL WEATHER SERVICE HOUSTON/GALVESTON TX
226 AM CST SUN JAN 21 2018


...................................

...THE COLLEGE STATION CLIMATE SUMMARY FOR JANUARY 20 2018...

CLIMATE NORMAL PERIOD 1981 TO 2010
CLIMATE RECORD PERIOD 1902 TO 2018


WEATHER ITEM   OBSERVED TIME   RECORD YEAR NORMAL DEPARTURE LAST
                VALUE   (LST)  VALUE       VALUE  FROM      YEAR
                                                  NORMAL
..................................................................
TEMPERATURE (F)
 YESTERDAY
  MAXIMUM         67    349 PM  81    1954  61      6       71
  MINIMUM         54    742 AM  19    1963  41     13       58
                                      1943
                                      1935
  AVERAGE         61                        51     10       65

PRECIPITATION (IN)
  YESTERDAY        0.01          1.31 1935   0.11  -0.10     0.00
  MONTH TO DATE    0.34                      2.07  -1.73     3.72
  SINCE DEC 1      3.84                      5.30  -1.46     6.49
  SINCE JAN 1      0.34                      2.07  -1.73     3.72

SNOWFALL (IN)
  YESTERDAY        0.0
  MONTH TO DATE    T
  SINCE JUL 1      5.0

DEGREE DAYS
 HEATING
  YESTERDAY        4                        14    -10        0
  MONTH TO DATE  408                       293    115      190
  SINCE DEC 1    826                       704    122      509
  SINCE JUL 1    973                       929     44      578

 COOLING
  YESTERDAY        0                         0      0        0
  MONTH TO DATE    0                         0      0       33
  SINCE DEC 1     13                        16     -3       77
  SINCE JAN 1      0                         0      0       33
..................................................................


WIND (MPH)
  HIGHEST WIND SPEED    16   HIGHEST WIND DIRECTION     S (160)
  HIGHEST GUST SPEED    21   HIGHEST GUST DIRECTION    SE (150)
  AVERAGE WIND SPEED     7.6


SKY COVER
  AVERAGE SKY COVER 0.7


WEATHER CONDITIONS
 THE FOLLOWING WEATHER WAS RECORDED YESTERDAY.
  LIGHT RAIN
  FOG
  FOG W/VISIBILITY <= 1/4 MILE


RELATIVE HUMIDITY (PERCENT)
 HIGHEST   100           200 AM
 LOWEST     81           400 PM
 AVERAGE    91

..........................................................


THE COLLEGE STATION CLIMATE NORMALS FOR TODAY
                         NORMAL    RECORD    YEAR
 MAXIMUM TEMPERATURE (F)   61        83      1911
 MINIMUM TEMPERATURE (F)   41         9      1930


SUNRISE AND SUNSET
JANUARY 21 2018.......SUNRISE   722 AM CST   SUNSET   552 PM CST
JANUARY 22 2018.......SUNRISE   721 AM CST   SUNSET   553 PM CST


-  INDICATES NEGATIVE NUMBERS.
R  INDICATES RECORD WAS SET OR TIED.
MM INDICATES DATA IS MISSING.
T  INDICATES TRACE AMOUNT.





The U.S. Naval Observatory (USNO) computes astronomical data. Therefore, the NWS does not record, certify, or authenticate astronomical data. Computed times of sunrise, sunset, moonrise, moonset; and twilight, moon phases and other astronomical data are available from USNO's Astronomical Applications Department (http://www.usno.navy.mil). See http://www.usno.navy.mil/USNO/astronomical-applications/astronomical-information-center/litigation for information on using these data for legal purposes.