857
CDUS42 KFFC 250822
CLIAHN


CLIMATE REPORT
NATIONAL WEATHER SERVICE PEACHTREE CITY GA
420 AM EDT MON JUN 25 2018


...................................

...THE ATHENS CLIMATE SUMMARY FOR JUNE 24 2018...

CLIMATE NORMAL PERIOD 1981 TO 2010
CLIMATE RECORD PERIOD 1898 TO 2018


WEATHER ITEM   OBSERVED TIME   RECORD YEAR NORMAL DEPARTURE LAST
                VALUE   (LST)  VALUE       VALUE  FROM      YEAR
                                                  NORMAL
..................................................................
TEMPERATURE (F)
 YESTERDAY
  MAXIMUM         93    407 PM 105    1930  90      3       86
  MINIMUM         70    553 AM  53    1947  68      2       70
  AVERAGE         82                        79      3       78

PRECIPITATION (IN)
  YESTERDAY        0.20          3.48 1900   0.14   0.06     1.57
  MONTH TO DATE    2.60                      3.28  -0.68     6.66
  SINCE JUN 1      2.60                      3.28  -0.68     6.66
  SINCE JAN 1     30.99                     22.39   8.60    31.77

DEGREE DAYS
 COOLING
  YESTERDAY       17                        14      3       13
  MONTH TO DATE  338                       290     48      281
  SINCE JUN 1    338                       290     48      281
  SINCE JAN 1    659                       530    129      646
..................................................................


WIND (MPH)
  RESULTANT WIND SPEED   0   RESULTANT WIND DIRECTION   W (250)
  HIGHEST WIND SPEED    12   HIGHEST WIND DIRECTION    NW (310)
  HIGHEST GUST SPEED    18   HIGHEST GUST DIRECTION     W (280)
  AVERAGE WIND SPEED     3.4


SKY COVER
  POSSIBLE SUNSHINE  MM
  AVERAGE SKY COVER 0.2


WEATHER CONDITIONS
 THE FOLLOWING WEATHER WAS RECORDED YESTERDAY.
  THUNDERSTORM
  HEAVY RAIN
  LIGHT RAIN
  FOG


RELATIVE HUMIDITY (PERCENT)
 HIGHEST   100           400 AM
 LOWEST     52           500 PM
 AVERAGE    76

..........................................................


THE ATHENS CLIMATE NORMALS FOR TODAY
                         NORMAL    RECORD    YEAR
 MAXIMUM TEMPERATURE (F)   90       105      1914
 MINIMUM TEMPERATURE (F)   68        58      1922


SUNRISE AND SUNSET
JUNE 25 2018..........SUNRISE   624 AM EDT   SUNSET   848 PM EDT
JUNE 26 2018..........SUNRISE   624 AM EDT   SUNSET   848 PM EDT


-  INDICATES NEGATIVE NUMBERS.
R  INDICATES RECORD WAS SET OR TIED.
MM INDICATES DATA IS MISSING.
T  INDICATES TRACE AMOUNT.





The U.S. Naval Observatory (USNO) computes astronomical data. Therefore, the NWS does not record, certify, or authenticate astronomical data. Computed times of sunrise, sunset, moonrise, moonset; and twilight, moon phases and other astronomical data are available from USNO's Astronomical Applications Department (http://www.usno.navy.mil). See http://www.usno.navy.mil/USNO/astronomical-applications/astronomical-information-center/litigation for information on using these data for legal purposes.