000
CXUS52 KFFC 211110
CF6AHN
PRELIMINARY LOCAL CLIMATOLOGICAL DATA (WS FORM: F-6)

                                          STATION:   ATHENS
                                          MONTH:     JANUARY
                                          YEAR:      2018
                                          LATITUDE:   33 57 N
                                          LONGITUDE:  83 19 W

  TEMPERATURE IN F:       :PCPN:    SNOW:  WIND      :SUNSHINE: SKY     :PK WND
================================================================================
1   2   3   4   5  6A  6B    7    8   9   10  11  12  13   14  15   16   17  18
                                     12Z  AVG MX 2MIN
DY MAX MIN AVG DEP HDD CDD  WTR  SNW DPTH SPD SPD DIR MIN PSBL S-S WX    SPD DR
================================================================================

 1  36  17  27 -16  38   0 0.00  0.0    0  6.1 15  50   M    M   6        18  50
 2  37  11  24 -19  41   0 0.00  0.0    0  3.7 10  90   M    M   0        15  60
 3  41  22  32 -11  33   0 0.00  0.0    0  4.4 10 290   M    M   1        15 290
 4  40  21  31 -12  34   0 0.00  0.0    0 10.0 17 300   M    M   0        27 300
 5  41  16  29 -14  36   0 0.00  0.0    0  7.8 15 270   M    M   0        22 270
 6  43  18  31 -12  34   0 0.00  0.0    0  4.9 12 300   M    M   0        17 310
 7  38  15  27 -16  38   0 0.00  0.0    0  6.6 12  80   M    M   0        15  80
 8  42  24  33 -10  32   0 0.05  0.0    0  4.7  9  70   M    M   7 1      11 350
 9  68  37  53  10  12   0 0.00  0.0    0  2.7  7  70   M    M   7 1      10 130
10  68  53  61  18   4   0 0.01  0.0    0  7.9 14  80   M    M  10 1      18  50
11  60  49  55  12  10   0 1.11    M    0  7.0 15  70   M    M  10 1      21  80
12  63  31  47   4  18   0 0.66  0.0    0  8.3 25 290   M    M   9 12     36 290
13  45  27  36  -7  29   0 0.00  0.0    0 10.8 18 290   M    M   1        29 280
14  42  20  31 -12  34   0 0.00  0.0    0  3.8 15  50   M    M   0        18  40
15  47  22  35  -8  30   0 0.00  0.0    0  3.9 10  70   M    M   0        14  80
16  53  23  38  -5  27   0    T    M    0  3.6 14 300   M    M   3        20 270
17  36  20  28 -15  37   0 0.08  1.1    0  9.3 17 310   M    M   4 1      24 300
18  48  16  32 -11  33   0 0.00  0.0    M  5.5 10 270   M    M   0        16 280
19  60  25  43  -1  22   0 0.00  0.0    0  5.0 12 280   M    M   0        17 230
20  67  30  49   5  16   0 0.00  0.0    0  3.8 10 310   M    M   0        14 310
================================================================================
SM  975  497       558   0  1.91     1.1 119.8          M       58
================================================================================
AV 48.8 24.9                               6.0 FASTST   M    M   3    MAX(MPH)
                                 MISC ---->  # 25 290               # 36  290
================================================================================
NOTES:
# LAST OF SEVERAL OCCURRENCES

COLUMN 17 PEAK WIND IN M.P.H.

PRELIMINARY LOCAL CLIMATOLOGICAL DATA (WS FORM: F-6) , PAGE 2

                                          STATION:  ATHENS
                                          MONTH:    JANUARY
                                          YEAR:     2018
                                          LATITUDE:   33 57 N
                                          LONGITUDE:  83 19 W

[TEMPERATURE DATA]      [PRECIPITATION DATA]       SYMBOLS USED IN COLUMN 16

AVERAGE MONTHLY: 36.8   TOTAL FOR MONTH:   1.91    1 = FOG OR MIST
DPTR FM NORMAL:  -6.3   DPTR FM NORMAL:   -0.60    2 = FOG REDUCING VISIBILITY
HIGHEST:    68 ON 10, 9 GRTST 24HR  1.11 ON 11-11      TO 1/4 MILE OR LESS
LOWEST:     11 ON  2                               3 = THUNDER
                        SNOW, ICE PELLETS, HAIL    4 = ICE PELLETS
                        TOTAL MONTH:   1.1 INCHES  5 = HAIL
                        GRTST 24HR   1.1 ON 17-17  6 = FREEZING RAIN OR DRIZZLE
                        GRTST DEPTH:   0           7 = DUSTSTORM OR SANDSTORM:
                                                       VSBY 1/2 MILE OR LESS
                                                   8 = SMOKE OR HAZE
[NO. OF DAYS WITH]      [WEATHER - DAYS WITH]      9 = BLOWING SNOW
                                                   X = TORNADO
MAX 32 OR BELOW:   0    0.01 INCH OR MORE:   5
MAX 90 OR ABOVE:   0    0.10 INCH OR MORE:   2
MIN 32 OR BELOW:  17    0.50 INCH OR MORE:   2
MIN  0 OR BELOW:   0    1.00 INCH OR MORE:   1

[HDD (BASE 65) ]
TOTAL THIS MO.   558    CLEAR  (SCALE 0-3)  13
DPTR FM NORMAL   119    PTCLDY (SCALE 4-7)   4
TOTAL FM JUL 1  1585    CLOUDY (SCALE 8-10)  3
DPTR FM NORMAL    56

[CDD (BASE 65) ]
TOTAL THIS MO.     0
DPTR FM NORMAL     0    [PRESSURE DATA]
TOTAL FM JAN 1     0    HIGHEST SLP M ON M
DPTR FM NORMAL     0    LOWEST  SLP 29.61 ON 12

[REMARKS]