000
CXUS52 KFFC 251110
CF6AHN
PRELIMINARY LOCAL CLIMATOLOGICAL DATA (WS FORM: F-6)

                                          STATION:   ATHENS
                                          MONTH:     SEPTEMBER
                                          YEAR:      2017
                                          LATITUDE:   33 57 N
                                          LONGITUDE:  83 19 W

  TEMPERATURE IN F:       :PCPN:    SNOW:  WIND      :SUNSHINE: SKY     :PK WND
================================================================================
1   2   3   4   5  6A  6B    7    8   9   10  11  12  13   14  15   16   17  18
                                     12Z  AVG MX 2MIN
DY MAX MIN AVG DEP HDD CDD  WTR  SNW DPTH SPD SPD DIR MIN PSBL S-S WX    SPD DR
================================================================================

 1  86  66  76  -2   0  11    T  0.0    0  5.8 13 260   M    M   6 3      22 220
 2  84  60  72  -5   0   7 0.00  0.0    0  3.7 13 290   M    M   1        19 310
 3  85  57  71  -6   0   6 0.00  0.0    0  2.6 13 300   M    M   0 1      19 290
 4  88  55  72  -5   0   7    T  0.0    0  1.6  8 230   M    M   1 1      14 200
 5  88  64  76  -1   0  11 0.86  0.0    0  3.4 16 330   M    M   2 13     25 330
 6  74  57  66 -10   0   1 0.06  0.0    0  4.4 13 310   M    M   6 1      17 300
 7  78  51  65 -11   0   0 0.00  0.0    0  2.1  7 310   M    M   0        12 310
 8  81  52  67  -9   0   2 0.00  0.0    0  4.5 10  80   M    M   1        14  80
 9  81  57  69  -7   0   4 0.00  0.0    0  8.3 17  70   M    M   0        26  70
10  69  57  63 -12   2   0 0.00  0.0    0 11.1 22  70   M    M   1        31  60
11  65  57  61 -14   4   0 3.21  0.0    0 18.4 36  60   M    M   9 1      52  60
12  67  57  62 -13   3   0 0.06  0.0    0  4.8 13 110   M    M   8 1      20 120
13  80  57  69  -5   0   4    T  0.0    0  3.0 12 230   M    M   4 1      20 220
14  81  64  73  -1   0   8    T  0.0    0  0.6  7 210   M    M   8 1      11 210
15  86  61  74   0   0   9 0.00  0.0    0  0.4  7  60   M    M   1 1       9  60
16  87  61  74   1   0   9 0.00  0.0    0  0.9  7  80   M    M   0 1       9  60
17  89  62  76   3   0  11 0.00  0.0    0  0.7  7 310   M    M   0 1      10 340
18  88  63  76   3   0  11 0.00  0.0    0  1.1  8 290   M    M   1 1      11 290
19  89  64  77   5   0  12 0.00  0.0    0  0.9  7  60   M    M   1 1      10 300
20  91  65  78   6   0  13 0.00  0.0    0  1.3  7 310   M    M   0 1      10 320
21  91  64  78   6   0  13 0.00  0.0    0  1.4  9  20   M    M   0        14  30
22  90  66  78   7   0  13 0.00  0.0    0  2.5  8  40   M    M   1        13  10
23  89  65  77   6   0  12 0.00  0.0    0  2.6 10  80   M    M   1 1      13  80
24  86  63  75   5   0  10 0.00  0.0    0  3.6 13  70   M    M   2        18  80
================================================================================
SM 1993 1445         9 174  4.19     0.0  89.7          M       54
================================================================================
AV 83.0 60.2                               3.7 FASTST   M    M   2    MAX(MPH)
                                 MISC ---->  # 36  60               # 52   60
================================================================================
NOTES:
# LAST OF SEVERAL OCCURRENCES

COLUMN 17 PEAK WIND IN M.P.H.

PRELIMINARY LOCAL CLIMATOLOGICAL DATA (WS FORM: F-6) , PAGE 2

                                          STATION:  ATHENS
                                          MONTH:    SEPTEMBER
                                          YEAR:     2017
                                          LATITUDE:   33 57 N
                                          LONGITUDE:  83 19 W

[TEMPERATURE DATA]      [PRECIPITATION DATA]       SYMBOLS USED IN COLUMN 16

AVERAGE MONTHLY: 71.6   TOTAL FOR MONTH:   4.19    1 = FOG OR MIST
DPTR FM NORMAL:  -2.7   DPTR FM NORMAL:    1.17    2 = FOG REDUCING VISIBILITY
HIGHEST:    91 ON 21,20 GRTST 24HR  3.21 ON 11-11      TO 1/4 MILE OR LESS
LOWEST:     51 ON  7                               3 = THUNDER
                        SNOW, ICE PELLETS, HAIL    4 = ICE PELLETS
                        TOTAL MONTH:   0.0 INCH    5 = HAIL
                        GRTST 24HR     0.0         6 = FREEZING RAIN OR DRIZZLE
                        GRTST DEPTH:   0           7 = DUSTSTORM OR SANDSTORM:
                                                       VSBY 1/2 MILE OR LESS
                                                   8 = SMOKE OR HAZE
[NO. OF DAYS WITH]      [WEATHER - DAYS WITH]      9 = BLOWING SNOW
                                                   X = TORNADO
MAX 32 OR BELOW:   0    0.01 INCH OR MORE:   4
MAX 90 OR ABOVE:   3    0.10 INCH OR MORE:   2
MIN 32 OR BELOW:   0    0.50 INCH OR MORE:   2
MIN  0 OR BELOW:   0    1.00 INCH OR MORE:   1

[HDD (BASE 65) ]
TOTAL THIS MO.     9    CLEAR  (SCALE 0-3)  18
DPTR FM NORMAL     7    PTCLDY (SCALE 4-7)   4
TOTAL FM JUL 1     9    CLOUDY (SCALE 8-10)  2
DPTR FM NORMAL     7

[CDD (BASE 65) ]
TOTAL THIS MO.   174
DPTR FM NORMAL   -54    [PRESSURE DATA]
TOTAL FM JAN 1  1813    HIGHEST SLP M ON M
DPTR FM NORMAL    30    LOWEST  SLP 29.52 ON 11

[REMARKS]